{"id":578,"date":"2021-06-28T07:57:05","date_gmt":"2021-06-28T07:57:05","guid":{"rendered":"https:\/\/www.dr-beck.lu\/dentisterie-generale\/"},"modified":"2021-10-04T11:59:42","modified_gmt":"2021-10-04T10:59:42","slug":"dentisterie-generale","status":"publish","type":"page","link":"https:\/\/www.dr-beck.lu\/pt-pt\/dentisterie-generale\/","title":{"rendered":"Tratamento est\u00e9tico"},"content":{"rendered":"","protected":false},"excerpt":{"rendered":"","protected":false},"author":1,"featured_media":0,"parent":0,"menu_order":0,"comment_status":"closed","ping_status":"closed","template":"template-services.php","meta":{"_acf_changed":false,"inline_featured_image":false,"footnotes":""},"class_list":["post-578","page","type-page","status-publish","hentry"],"acf":[],"yoast_head":"<!-- This site is optimized with the Yoast SEO plugin v25.8 - https:\/\/yoast.com\/wordpress\/plugins\/seo\/ -->\n<title>Branqueamento Dos Dentes - Dr. Raymond Beck - Cidade do Luxemburgo<\/title>\n<meta name=\"description\" content=\"Facetas Dent\u00e1rias, tratamentos cosm\u00e9ticos, branqueamento dom\u00e9stico, oferecemos os melhores tratamentos para as suas necessidades.\" \/>\n<meta name=\"robots\" content=\"index, follow, max-snippet:-1, max-image-preview:large, max-video-preview:-1\" \/>\n<link rel=\"canonical\" href=\"https:\/\/www.dr-beck.lu\/pt-pt\/dentisterie-generale\/\" \/>\n<meta property=\"og:locale\" content=\"pt_PT\" \/>\n<meta property=\"og:type\" content=\"article\" \/>\n<meta property=\"og:title\" content=\"Branqueamento Dos Dentes - Dr. Raymond Beck - Cidade do Luxemburgo\" \/>\n<meta property=\"og:description\" content=\"Facetas Dent\u00e1rias, tratamentos cosm\u00e9ticos, branqueamento dom\u00e9stico, oferecemos os melhores tratamentos para as suas necessidades.\" \/>\n<meta property=\"og:url\" content=\"https:\/\/www.dr-beck.lu\/pt-pt\/dentisterie-generale\/\" \/>\n<meta property=\"og:site_name\" content=\"Dr. Beck\" \/>\n<meta property=\"article:modified_time\" content=\"2021-10-04T10:59:42+00:00\" \/>\n<meta name=\"twitter:card\" content=\"summary_large_image\" \/>\n<script type=\"application\/ld+json\" class=\"yoast-schema-graph\">{\"@context\":\"https:\/\/schema.org\",\"@graph\":[{\"@type\":\"WebPage\",\"@id\":\"https:\/\/www.dr-beck.lu\/pt-pt\/dentisterie-generale\/\",\"url\":\"https:\/\/www.dr-beck.lu\/pt-pt\/dentisterie-generale\/\",\"name\":\"Branqueamento Dos Dentes - Dr. Raymond Beck - Cidade do Luxemburgo\",\"isPartOf\":{\"@id\":\"https:\/\/www.dr-beck.lu\/#website\"},\"datePublished\":\"2021-06-28T07:57:05+00:00\",\"dateModified\":\"2021-10-04T10:59:42+00:00\",\"description\":\"Facetas Dent\u00e1rias, tratamentos cosm\u00e9ticos, branqueamento dom\u00e9stico, oferecemos os melhores tratamentos para as suas necessidades.\",\"breadcrumb\":{\"@id\":\"https:\/\/www.dr-beck.lu\/pt-pt\/dentisterie-generale\/#breadcrumb\"},\"inLanguage\":\"pt-PT\",\"potentialAction\":[{\"@type\":\"ReadAction\",\"target\":[\"https:\/\/www.dr-beck.lu\/pt-pt\/dentisterie-generale\/\"]}]},{\"@type\":\"BreadcrumbList\",\"@id\":\"https:\/\/www.dr-beck.lu\/pt-pt\/dentisterie-generale\/#breadcrumb\",\"itemListElement\":[{\"@type\":\"ListItem\",\"position\":1,\"name\":\"Home\",\"item\":\"https:\/\/www.dr-beck.lu\/pt-pt\/\"},{\"@type\":\"ListItem\",\"position\":2,\"name\":\"Tratamento est\u00e9tico\"}]},{\"@type\":\"WebSite\",\"@id\":\"https:\/\/www.dr-beck.lu\/#website\",\"url\":\"https:\/\/www.dr-beck.lu\/\",\"name\":\"Dr. Beck\",\"description\":\"M\u00e9decin dentiste\",\"potentialAction\":[{\"@type\":\"SearchAction\",\"target\":{\"@type\":\"EntryPoint\",\"urlTemplate\":\"https:\/\/www.dr-beck.lu\/?s={search_term_string}\"},\"query-input\":{\"@type\":\"PropertyValueSpecification\",\"valueRequired\":true,\"valueName\":\"search_term_string\"}}],\"inLanguage\":\"pt-PT\"}]}<\/script>\n<!-- \/ Yoast SEO plugin. -->","yoast_head_json":{"title":"Branqueamento Dos Dentes - Dr. Raymond Beck - Cidade do Luxemburgo","description":"Facetas Dent\u00e1rias, tratamentos cosm\u00e9ticos, branqueamento dom\u00e9stico, oferecemos os melhores tratamentos para as suas necessidades.","robots":{"index":"index","follow":"follow","max-snippet":"max-snippet:-1","max-image-preview":"max-image-preview:large","max-video-preview":"max-video-preview:-1"},"canonical":"https:\/\/www.dr-beck.lu\/pt-pt\/dentisterie-generale\/","og_locale":"pt_PT","og_type":"article","og_title":"Branqueamento Dos Dentes - Dr. Raymond Beck - Cidade do Luxemburgo","og_description":"Facetas Dent\u00e1rias, tratamentos cosm\u00e9ticos, branqueamento dom\u00e9stico, oferecemos os melhores tratamentos para as suas necessidades.","og_url":"https:\/\/www.dr-beck.lu\/pt-pt\/dentisterie-generale\/","og_site_name":"Dr. Beck","article_modified_time":"2021-10-04T10:59:42+00:00","twitter_card":"summary_large_image","schema":{"@context":"https:\/\/schema.org","@graph":[{"@type":"WebPage","@id":"https:\/\/www.dr-beck.lu\/pt-pt\/dentisterie-generale\/","url":"https:\/\/www.dr-beck.lu\/pt-pt\/dentisterie-generale\/","name":"Branqueamento Dos Dentes - Dr. Raymond Beck - Cidade do Luxemburgo","isPartOf":{"@id":"https:\/\/www.dr-beck.lu\/#website"},"datePublished":"2021-06-28T07:57:05+00:00","dateModified":"2021-10-04T10:59:42+00:00","description":"Facetas Dent\u00e1rias, tratamentos cosm\u00e9ticos, branqueamento dom\u00e9stico, oferecemos os melhores tratamentos para as suas necessidades.","breadcrumb":{"@id":"https:\/\/www.dr-beck.lu\/pt-pt\/dentisterie-generale\/#breadcrumb"},"inLanguage":"pt-PT","potentialAction":[{"@type":"ReadAction","target":["https:\/\/www.dr-beck.lu\/pt-pt\/dentisterie-generale\/"]}]},{"@type":"BreadcrumbList","@id":"https:\/\/www.dr-beck.lu\/pt-pt\/dentisterie-generale\/#breadcrumb","itemListElement":[{"@type":"ListItem","position":1,"name":"Home","item":"https:\/\/www.dr-beck.lu\/pt-pt\/"},{"@type":"ListItem","position":2,"name":"Tratamento est\u00e9tico"}]},{"@type":"WebSite","@id":"https:\/\/www.dr-beck.lu\/#website","url":"https:\/\/www.dr-beck.lu\/","name":"Dr. Beck","description":"M\u00e9decin dentiste","potentialAction":[{"@type":"SearchAction","target":{"@type":"EntryPoint","urlTemplate":"https:\/\/www.dr-beck.lu\/?s={search_term_string}"},"query-input":{"@type":"PropertyValueSpecification","valueRequired":true,"valueName":"search_term_string"}}],"inLanguage":"pt-PT"}]}},"_links":{"self":[{"href":"https:\/\/www.dr-beck.lu\/pt-pt\/wp-json\/wp\/v2\/pages\/578","targetHints":{"allow":["GET"]}}],"collection":[{"href":"https:\/\/www.dr-beck.lu\/pt-pt\/wp-json\/wp\/v2\/pages"}],"about":[{"href":"https:\/\/www.dr-beck.lu\/pt-pt\/wp-json\/wp\/v2\/types\/page"}],"author":[{"embeddable":true,"href":"https:\/\/www.dr-beck.lu\/pt-pt\/wp-json\/wp\/v2\/users\/1"}],"replies":[{"embeddable":true,"href":"https:\/\/www.dr-beck.lu\/pt-pt\/wp-json\/wp\/v2\/comments?post=578"}],"version-history":[{"count":3,"href":"https:\/\/www.dr-beck.lu\/pt-pt\/wp-json\/wp\/v2\/pages\/578\/revisions"}],"predecessor-version":[{"id":667,"href":"https:\/\/www.dr-beck.lu\/pt-pt\/wp-json\/wp\/v2\/pages\/578\/revisions\/667"}],"wp:attachment":[{"href":"https:\/\/www.dr-beck.lu\/pt-pt\/wp-json\/wp\/v2\/media?parent=578"}],"curies":[{"name":"wp","href":"https:\/\/api.w.org\/{rel}","templated":true}]}}

Tratamento estético

<!-- This site is optimized with the Yoast SEO plugin v25.8 - https://yoast.com/wordpress/plugins/seo/ -->
<title>Branqueamento Dos Dentes - Dr. Raymond Beck - Cidade do Luxemburgo</title>
<meta name="description" content="Facetas Dentárias, tratamentos cosméticos, branqueamento doméstico, oferecemos os melhores tratamentos para as suas necessidades." />
<meta name="robots" content="index, follow, max-snippet:-1, max-image-preview:large, max-video-preview:-1" />
<link rel="canonical" href="https://www.dr-beck.lu/pt-pt/dentisterie-generale/" />
<meta property="og:locale" content="pt_PT" />
<meta property="og:type" content="article" />
<meta property="og:title" content="Branqueamento Dos Dentes - Dr. Raymond Beck - Cidade do Luxemburgo" />
<meta property="og:description" content="Facetas Dentárias, tratamentos cosméticos, branqueamento doméstico, oferecemos os melhores tratamentos para as suas necessidades." />
<meta property="og:url" content="https://www.dr-beck.lu/pt-pt/dentisterie-generale/" />
<meta property="og:site_name" content="Dr. Beck" />
<meta property="article:modified_time" content="2021-10-04T10:59:42+00:00" />
<meta name="twitter:card" content="summary_large_image" />
<script type="application/ld+json" class="yoast-schema-graph">{"@context":"https://schema.org","@graph":[{"@type":"WebPage","@id":"https://www.dr-beck.lu/pt-pt/dentisterie-generale/","url":"https://www.dr-beck.lu/pt-pt/dentisterie-generale/","name":"Branqueamento Dos Dentes - Dr. Raymond Beck - Cidade do Luxemburgo","isPartOf":{"@id":"https://www.dr-beck.lu/#website"},"datePublished":"2021-06-28T07:57:05+00:00","dateModified":"2021-10-04T10:59:42+00:00","description":"Facetas Dentárias, tratamentos cosméticos, branqueamento doméstico, oferecemos os melhores tratamentos para as suas necessidades.","breadcrumb":{"@id":"https://www.dr-beck.lu/pt-pt/dentisterie-generale/#breadcrumb"},"inLanguage":"pt-PT","potentialAction":[{"@type":"ReadAction","target":["https://www.dr-beck.lu/pt-pt/dentisterie-generale/"]}]},{"@type":"BreadcrumbList","@id":"https://www.dr-beck.lu/pt-pt/dentisterie-generale/#breadcrumb","itemListElement":[{"@type":"ListItem","position":1,"name":"Home","item":"https://www.dr-beck.lu/pt-pt/"},{"@type":"ListItem","position":2,"name":"Tratamento estético"}]},{"@type":"WebSite","@id":"https://www.dr-beck.lu/#website","url":"https://www.dr-beck.lu/","name":"Dr. Beck","description":"Médecin dentiste","potentialAction":[{"@type":"SearchAction","target":{"@type":"EntryPoint","urlTemplate":"https://www.dr-beck.lu/?s={search_term_string}"},"query-input":{"@type":"PropertyValueSpecification","valueRequired":true,"valueName":"search_term_string"}}],"inLanguage":"pt-PT"}]}</script>
<!-- / Yoast SEO plugin. -->

Facetas Dentárias, tratamentos cosméticos, branqueamento doméstico, oferecemos os melhores tratamentos para as suas necessidades.

Médecin dentiste
